 and p.
24
Suppose -4*u - 264 = 4*z - 3220, -736 = -u - 2*z. What is the greatest common divisor of u and 4?
2
Suppose 165*d - 9315 = 96*d. What is the greatest common factor of d and 10?
5
Suppose -1362 = -g + 5*o, 3*g - 3*o - 2416 = 1670. What is the greatest common divisor of 12 and g?
6
Let o be (4150/(-75) - -11)/(-1*1/6). Calculate the greatest common divisor of o and 209.
19
Suppose 2*q - 2*q = 2*q. Let m be q*(0 + 0 + -1). Suppose 5*t - 111 = 3*k - m*k, 0 = 5*t - 4*k - 108. Calculate the greatest common factor of 216 and t.
24
Let a be ((-13)/((-195)/996))/((-10)/(-125)). What is the greatest common divisor of 80 and a?
10
Let d = 2270 - 1715. What is the greatest common factor of 90 and d?
15
Let p be (-24 + (3 - 3))*(-5445)/198. Calculate the greatest common factor of p and 180.
60
Suppose 13*f - 888 - 212 = -42*f. Calculate the greatest common divisor of f and 10.
10
Let w(g) = -17*g + 1. Let h be w(-2). Suppose 43*y - 92 = 37. Let m be ((-20)/15 - -3)*y. What is the highest common divisor of m and h?
5
Let k be 45/(-540) - (-867)/36. What is the highest common divisor of k and 186?
6
Let k(a) = 236*a**2 + 135*a - 395. Let v be k(3). What is the greatest common divisor of 33 and v?
11
Let v(g) = 11*g - 11*g**2 - 1 + 3*g + g**3 - g - 21*g. Let o be v(12). Let z = o - 40. What is the highest common factor of 21 and z?
7
Let l = 3215 + -3191. What is the greatest common factor of 13344 and l?
24
Suppose -14*i + 11*i + 24 = 0. Suppose -11*r + 195 = -i*r. What is the greatest common factor of 455 and r?
65
Let y = 2180 + -2175. Suppose 0 = 3*x - 1071 + 339. Suppose -4*d = -v + x, y*d - 672 = -3*v - 25. What is the greatest common divisor of 28 and v?
28
Suppose -7*c + 48 = 9*c. Let v(a) = a**2 + 2*a - 4. Let l be v(-4). Suppose 2 = 3*d - l. Calculate the greatest common factor of c and d.
1
Let j(t) = 5*t**3 - 5*t**2 + 4*t + 4. Suppose -7*p = -12*p - 2*s + 30, -p - 4*s = -24. Let u be j(p). Calculate the greatest common factor of u and 52.
52
Suppose 0 = -0*d - 3*d + 4*c + 477, 12 = -4*c. Let q(b) = -b**3 + 110*b**2 - 318*b - 290. Let o be q(107). Calculate the highest common divisor of o and d.
31
Let l(h) = 27*h + 19. Let x be l(3). Let v be (42/10 - -3)*(-15)/3. Let b = 4 - v. Calculate the greatest common factor of b and x.
20
Suppose 0 = z - 2 - 3. Let s(y) = -y**3 + 6*y**2 + 5*y + 6. Let a be s(z). Let r be (-8)/(-12) - (-38)/6. Calculate the greatest common divisor of a and r.
7
Let y(g) = 79*g + 2305. Let i be y(-25). Calculate the greatest common factor of 690 and i.
30
Let k = 19 + -45. Let s be (k*1 - 0)*-1. Suppose 3*u - 31 - 8 = -3*x, 2*x = -3*u + 26. Calculate the highest common divisor of x and s.
13
Suppose -d + 5 = 0, 0 = -8*o - 5*d + 8*d + 105497. Calculate the greatest common factor of o and 109.
109
Let n = 196 - 160. Let v be 6/(-27) + (-1 - (-656)/n). Calculate the greatest common factor of 697 and v.
17
Let y(n) = 17*n**2 - 12*n**3 + 3*n + 33 + 6*n**3 + 16*n + 7*n**3. Let g be y(-15). What is the greatest common divisor of g and 18?
18
Suppose 4*g + 2106 = -14*g. Let a be 2 + (7/3)/((-3)/g). What is the highest common divisor of 124 and a?
31
Let q be 13 + (6/3 - (6 + -1)). Let m be (4 - 35/q)*42. What is the highest common divisor of m and 3?
3
Let q(d) = 2*d**2 + 6*d + 3. Let h(c) = -2 + c + 15*c**3 - 3*c - 10*c**3. Let i be h(-1). Let t be q(i). What is the greatest common divisor of 161 and t?
23
Let p = 2158 + -1238. Suppose -1439*k + 1431*k = -p. Calculate the highest common divisor of k and 161.
23
Let d = -661 + 661. Suppose 2*n + d*f + 4*f - 42 = 0, -n - 4*f + 21 = 0. Calculate the greatest common factor of 7 and n.
7
Let t be -6 + (-12)/(((-2)/16)/(4 + -3)). What is the greatest common factor of 140 and t?
10
Let w be (-2844)/15*25915/(-284). What is the highest common factor of 237 and w?
237
Let s(n) = 12*n**2 + 7*n - 10. Let t be s(4). Let q = 2211 + -2121. Calculate the greatest common divisor of t and q.
30
Suppose -5*b - a = 44, -9*b + 13*b + 5*a = -31. Let r(w) = -w**2 - 8*w + 23. Let j be r(b). What is the highest common divisor of j and 105?
7
Let u = -32 - -41. Suppose -u = 3*c - 15. Suppose 2*o + o + 104 = d, -c*d + 5*o = -206. What is the greatest common factor of d and 245?
49
Suppose -19*m + 208 = -6*m. Suppose 338 = 3*f - 2*y + m, 5*f + 3*y = 524. What is the highest common divisor of 159 and f?
53
Let y = -128 + 130. Let s(p) = 9*p**3 + 5*p**2 - 4*p - 4. Let z be s(y). What is the greatest common divisor of 60 and z?
20
Let o be ((-6)/4)/((-1230)/(-624) - 2). Suppose -n + a + o = 3*n, -n = -2*a - 13. Suppose 10*k + 240 = n*k. What is the highest common factor of 10 and k?
10
Let p(s) = 4*s**2 - 34*s + 380. Let i be p(20). What is the highest common divisor of i and 400?
100
Let k = -69 + 141. Suppose 3*x - 176 = -0*x + a, 3*a - 3 = 0. Suppose -185 = -14*j - x. What is the highest common divisor of j and k?
9
Suppose -4*o - 43 = -3*u, 0 = 3*u - 8*u - o + 87. Let y be -5*(3 - u/5). Let s be (18/15)/(-1*y/(-50)). What is the greatest common divisor of s and 75?
15
Suppose 3*f + 34 = 2*c + 336, -5*f - 3*c + 497 = 0. What is the greatest common factor of 27650 and f?
50
Suppose -4*x - 3*d = -9551, -5*x - 1549 + 13487 = 4*d. Suppose x = 33*o + 509. What is the highest common divisor of o and 19?
19
Suppose -3*p = -2*z - 0 - 64, 2*p + 2*z - 56 = 0. Suppose 8569*i = 8626*i - 24624. Calculate the highest common divisor of i and p.
24
Suppose 2*p - 3 = -1. Let s(a) = 39*a**3. Let w be s(p). Suppose 34*z - 35374 + 11857 = -167*z. Calculate the highest common divisor of z and w.
39
Suppose -5*r + 451 = -4*g, 5*r - 6*g + 3*g - 447 = 0. Suppose 7*l - 3377 + r = 0. Calculate the greatest common divisor of l and 47.
47
Let b = -6469 + 6496. Calculate the greatest common factor of b and 7830.
27
Suppose -15*k + 3*k = -17 - 283. What is the highest common divisor of k and 20?
5
Suppose 2*a - 5*o - 78 = 0, -6032*o = 4*a - 6036*o - 144. What is the greatest common factor of a and 13906?
34
Suppose -7*x = -11*x - l + 2137, 5*x + 3*l - 2680 = 0. Suppose -7*w + w + 78 = 0. Calculate the highest common divisor of x and w.
13
Let z(g) = 8*g**2 + 56*g - 58. Let x be z(1). What is the highest common factor of 26 and x?
2
Suppose -6*f + 162 = -42. Suppose 0 = 5*v + 20, 2*h = 2*v - v + f. Calculate the highest common divisor of 12 and h.
3
Let g(f) be the first derivative of -f**4/4 + 3*f**3 + 14*f**2 - 147*f + 61. Let o be g(10). What is the highest common factor of 11 and o?
11
Suppose 518*m - 519*m + 30 = 0. Calculate the greatest common divisor of 192 and m.
6
Let x be 3 - (-499 + 2/(-1)). Let f(u) = 674*u - 7342. Let m be f(11). Calculate the greatest common divisor of m and x.
72
Suppose -16*q + 19*q + 812 = -5*c, -4*c = q + 280. Let g = q - -429. What is the greatest common divisor of 110 and g?
55
Suppose -5*j = 2*n - 499, -4*j + 4*n = 73 - 489. What is the greatest common divisor of j and 4141?
101
Suppose -16*f + 19*f - 6 = -5*r, -4*f + 8 = -r. Suppose o + 2*i - 55 = 0, 129 = 3*o - f*i - 20. Calculate the highest common factor of 663 and o.
51
Let z be (1 + (-1)/12*3)*4. Suppose 2*h - 334 = -2*l - l, -231 = -2*l - z*h. What is the greatest common factor of l and 180?
36
Let x(b) = 19*b - 496. Let a be x(28). Suppose 0 = 4*n - 6*n + 18. Suppose -6*z + n*z = a. What is the highest common divisor of 6 and z?
6
Let q(m) = -68*m - 3181. Let i be q(-51). Calculate the greatest common factor of i and 8200.
41
Let s(l) be the second derivative of l**3 - 8*l**2 - 240*l. Let v be s(9). Calculate the greatest common factor of v and 190.
38
Let x(w) = 31*w - 1467. Let v be x(48). What is the greatest common factor of v and 975?
3
Suppose 0 = 4*l + 13 - 33. Suppose -6*x + 10*x - 448 = 0. Suppose 4*u + x = 9*u - d, d - 108 = -l*u. What is the greatest common divisor of 55 and u?
11
Suppose -3*j + c - 500 = -0*j, -156 = j + 5*c. Let y = 518 + j. What is the highest common factor of y and 64?
32
Suppose -j + 3 - 4 = 3*d, -2*j + 31 = -5*d. Let l(m) = m**3 + 15*m**2 - 48*m - 214. Let y be l(-17). What is the highest common factor of y and j?
8
Suppose 4*d + 3*n - 2856 = 0, -216*n - 3580 = -5*d - 221*n. What is the highest common divisor of 24 and d?
12
Suppose -3*y - 3*h + 1518 = -366, 0 = -5*y - 10*h + 3120. What is the